46?
353
Calculate the highest common divisor of 38822 and 188.
94
Calculate the greatest common factor of 867 and 453.
3
Calculate the greatest common divisor of 5501886 and 52.
26
What is the greatest common divisor of 4508 and 584752?
644
What is the greatest common divisor of 483 and 29526?
21
Calculate the highest common divisor of 105 and 2254280.
35
What is the highest common divisor of 2304 and 70236?
36
Calculate the greatest common factor of 220968 and 248.
248
What is the highest common factor of 358936 and 8?
8
What is the greatest common factor of 2970 and 1017090?
270
Calculate the highest common factor of 10225 and 182414.
409
What is the greatest common factor of 86 and 42441?
43
Calculate the highest common divisor of 5805 and 122765.
215
What is the highest common divisor of 4719 and 116523?
363
Calculate the highest common divisor of 41985 and 351.
27
What is the highest common divisor of 207 and 27462?
69
Calculate the highest common divisor of 9019 and 114137.
311
Calculate the highest common divisor of 88 and 2196854.
22
What is the greatest common divisor of 44807 and 85981?
1211
What is the highest common factor of 7550 and 800?
50
Calculate the greatest common factor of 3309885 and 135.
45
Calculate the greatest common divisor of 108 and 37344.
12
Calculate the highest common factor of 1105 and 1099033.
221
What is the highest common factor of 54 and 1140129?
27
What is the highest common factor of 873 and 1647060?
291
What is the highest common divisor of 1664207 and 2901?
967
Calculate the highest common factor of 11 and 413479.
11
Calculate the greatest common factor of 292 and 1400213.
73
What is the highest common divisor of 67530 and 65?
5
Calculate the highest common factor of 3675 and 75.
75
What is the highest common factor of 113282 and 208?
26
What is the highest common divisor of 4106 and 4?
2
Calculate the highest common factor of 28 and 6034.
14
What is the highest common divisor of 237 and 196?
1
What is the highest common divisor of 126618 and 1128?
282
What is the highest common divisor of 694369 and 248?
31
Calculate the highest common factor of 13110 and 27945.
345
What is the greatest common factor of 40642 and 14?
14
What is the highest common divisor of 23294 and 38?
38
Calculate the highest common factor of 504 and 8.
8
Calculate the greatest common divisor of 267371 and 91845.
2041
What is the greatest common divisor of 419811 and 21?
21
What is the greatest common factor of 9156 and 31878?
42
What is the greatest common divisor of 2247 and 198699?
321
What is the highest common divisor of 28265 and 5?
5
Calculate the highest common divisor of 48 and 35382.
6
Calculate the greatest common divisor of 5625 and 270.
45
What is the highest common divisor of 260604 and 27?
27
Calculate the highest common factor of 16694 and 442.
34
Calculate the highest common factor of 995 and 41392.
199
What is the greatest common divisor of 95004 and 26?
26
Calculate the highest common factor of 238040 and 44.
44
Calculate the greatest common divisor of 8272 and 24464.
176
Calculate the highest common divisor of 328 and 1873864.
328
What is the highest common divisor of 14981 and 1207?
71
What is the highest common factor of 758 and 38279?
379
What is the highest common divisor of 37075 and 1725?
25
Calculate the greatest common factor of 1098 and 598959.
549
Calculate the greatest common factor of 72 and 30664.
8
What is the greatest common factor of 627298 and 7612?
346
Calculate the greatest common divisor of 134119 and 213.
71
Calculate the highest common divisor of 7579 and 106.
53
What is the greatest common divisor of 3784529 and 406?
203
Calculate the greatest common divisor of 192 and 1068168.
24
Calculate the greatest common factor of 20436 and 3185.
13
Calculate the greatest common divisor of 11706 and 87.
3
Calculate the highest common divisor of 3813 and 1478173.
1271
Calculate the highest common factor of 27018 and 41949.
711
What is the greatest common divisor of 608 and 1368?
152
What is the highest common divisor of 36 and 3229038?
18
What is the highest common divisor of 4878 and 10539?
9
What is the highest common factor of 40716 and 5162?
58
Calculate the greatest common divisor of 1955775 and 1465.
1465
What is the highest common factor of 3208 and 56?
8
What is the greatest common factor of 38580 and 420?
60
What is the greatest common divisor of 167118 and 46368?
966
Calculate the highest common divisor of 21568 and 2944.
64
Calculate the greatest common factor of 64815 and 435.
435
What is the highest common factor of 9136 and 640?
16
Calculate the highest common divisor of 13 and 430040.
13
What is the greatest common factor of 4014 and 66454?
446
Calculate the greatest common factor of 20824 and 715688.
1096
What is the highest common factor of 270 and 32724?
54
Calculate the greatest common factor of 3809872 and 48.
16
What is the highest common factor of 145639 and 52?
13
Calculate the greatest common divisor of 605 and 393855.
605
Calculate the greatest common divisor of 78 and 648778.
26
Calculate the highest common factor of 2360 and 1652.
236
Calculate the greatest common divisor of 840 and 124950.
210
What is the greatest common factor of 398 and 59?
1
What is the greatest common divisor of 606 and 496718?
202
Calculate the greatest common divisor of 245535 and 30.
15
What is the greatest common divisor of 82 and 338?
2
What is the greatest common factor of 1276424 and 16?
8
Calculate the greatest common factor of 5624 and 1520.
152
Calculate the highest common factor of 1160 and 295075.
145
Calculate the highest common divisor of 42 and 504294.
42
Calculate the greatest common divisor of 61350 and 180.
30
What is the highest common factor of 128 and 367936?
64
Calculate the highest common factor of 85725 and 171.
9
Calculate the greatest common factor of 176 and 57508.
44
Calculate the highest common divisor of 218 and 576392.
218
What is the greatest common factor of 5473 and 143?
13
What is the highest common divisor of 83 and 158779?
83
Calculate the greatest common factor of 990 and 88.
22
What is the highest common factor of 58128 and 75264?
336
What is the greatest common factor of 440148 and 774?
258
Calculate the greatest common divisor of 339385 and 237240.
3295
What is the highest common factor of 706387 and 22?
11
What is the greatest common divisor of 29539 and 3523?
271
What is the greatest common factor of 16036 and 4142?
38
What is the greatest common factor of 18775278 and 846?
846
Calculate the greatest common divisor of 1320 and 26202.
66
What is the highest common divisor of 9169680 and 16?
16
What is the greatest common factor of 17 and 371671?
17
What is the highest common divisor of 3564 and 220?
44
Calculate the greatest common factor of 148 and 10720824.
148
What is the greatest common factor of 24 and 70380?
12
Calculate the greatest common divisor of 1050842 and 1014.
338
What is the highest common divisor of 6716 and 33442?
46
What is the greatest common divisor of 1975 and 2950?
25
Calculate the highest common divisor of 85 and 4437.
17
Calculate the greatest common divisor of 56763 and 65331.
1071
What is the greatest common factor of 267 and 7031?
89
Calculate the highest common divisor of 110 and 46950.
10
Calculate the greatest common factor of 6325 and 75325.
575
What is the highest common factor of 1050 and 273?
21
What is the highest common factor of 54 and 19953?
27
Calculate the highest common factor of 2480 and 234205.
155
What is the greatest common divisor of 347543 and 524?
131
What is the highest common divisor of 1550 and 13330?
310
What is the highest common factor of 2175 and 3161?
29
What is the greatest common factor of 585035 and 1210?
605
Calculate the highest common factor of 14715 and 26705.
545
Calculate the highest common divisor of 8927 and 3239.
79
What is the highest common factor of 1315702 and 62?
62
What is the greatest common factor of 160 and 18730?
10
Calculate the highest common factor of 135 and 628920.
45
Calculate the highest common divisor of 2160 and 786960.
720
Calculate the greatest common divisor of 448 and 158048.
32
Calculate the greatest common factor of 697486 and 4432.
554
Calculate the greatest common